et z be w(-10). Suppose -z*c = 3*c - 205. What is the tens digit of c?
4
Let y be 1 + 1 + 1 - (1 + -2). Suppose -c + o + 10 = -0*o, 5*c - 32 = -y*o. What is the tens digit of (-4)/(-10)*(350 + (3 - c))?
3
Suppose 0 = 131*h - 19*h - 1071801 - 77095. What is the tens digit of h?
5
Let t(m) = -7 + 0*m**2 + m**2 + 8*m - 12*m + 0*m**2. Let a be t(6). Suppose 7*b - 46 = a*b. What is the tens digit of b?
2
What is the units digit of (-668249)/(-57) - 70/42?
2
Let r = -33534 + 58149. What is the units digit of r?
5
Let o be ((-1)/(-5) - (-35)/(-50))*-40. What is the hundreds digit of (-174)/45 + o/(-150) + 632?
6
Suppose 147 + 415 = -a. Let l = 34 - 40. What is the tens digit of a/l - (-4)/(-6)?
9
Let k = 99 + 319. Suppose 4*u - 2*s = 330, -s - 16 = 5*u - k. What is the tens digit of u?
8
Let d(h) = -966*h**2 - 14*h - 5. Let w(m) = 483*m**2 + 7*m + 2. Let l(i) = 4*d(i) + 9*w(i). What is the units digit of l(1)?
8
Let s(b) = b**3 - 32*b**2 + 35*b + 54. Let u be s(29). What is the units digit of 1/(10176/u + 7)?
7
Let x(i) be the third derivative of i**7/720 - i**6/240 - i**5/60 - 9*i**2. Let a(y) be the third derivative of x(y). What is the units digit of a(12)?
1
Let x(h) = -5*h + 3*h + 8 + h - 6*h + 103*h**2. What is the hundreds digit of x(1)?
1
What is the hundreds digit of (23696/(-10))/((-18)/65) + (-57)/(-513)?
5
Suppose -4*m + 5*m = 4*c - 6620, 0 = 3*c + 4*m - 4984. Suppose 16*v - 12*v = c. What is the hundreds digit of v?
4
Let u be (-612)/(-10)*(-130)/(-13). Let s = 1268 - u. Let k = s + -405. What is the tens digit of k?
5
Let o(l) be the second derivative of -l**5/5 + l**4/6 - 2*l**3/3 - 17*l**2 - 5*l - 6. What is the tens digit of o(-4)?
7
Let g = 63 + -39. Let q be (1 - 2)/(6/g). Let s = q - -10. What is the units digit of s?
6
Let q be (-2 - (2 - 1))*(-18 - -21). Let v = q - -19. Let b = 105 - v. What is the units digit of b?
5
Let a(g) be the third derivative of 16*g**2 + 0 - 3/4*g**4 + 1/15*g**5 + 0*g + 4/3*g**3. What is the units digit of a(7)?
8
Suppose 10*p - 42 = 4*p. Let o(i) = 3*i**2 + 9*i - 11. Let b be o(p). Suppose -3*z = -2*k + b, 3*k + 103 = 4*k + 2*z. What is the tens digit of k?
0
Let j = 4994 + 5226. What is the thousands digit of j?
0
Let a = -245 + 243. What is the tens digit of (-11)/44 + (-3826)/16*a?
7
Let i = 124 + -92. Let c = -44 + i. What is the tens digit of 3*(-1090)/c + (-2)/4?
7
Suppose 4*t + 44128 = 4*v, t + 6 = 3*t. What is the ten thousands digit of v?
1
Let j(u) = -u + 1. Let o be j(-20). Suppose -5*t + 3 + 44 = f, 3*t = -3*f + o. Suppose -t*w + 756 = -w. What is the tens digit of w?
8
What is the thousands digit of (144/(-135) + (-10)/(-15))/(9/(-900585))?
0
Suppose 18*s - 21*s = -9. Suppose -s = 10*n + 7. What is the units digit of (n/3)/(5 - (-276)/(-54))?
3
Let h = -25 - -75. Let n = 5 + -2. Suppose 5*z - 3*t - 149 = 0, -n*t - h - 15 = -2*z. What is the units digit of z?
8
Let t = 2970 + -880. What is the hundreds digit of t?
0
Let k be 1/((147/140)/21). Suppose k*a + 12138 = 37378. What is the tens digit of a?
6
Suppose 0 = -4*l - 4*n + 9*n + 2772, -2*l + 9*n = -1438. What is the units digit of l?
3
Let y(w) = 4*w - 2 - 6*w + 14*w - w**2 - 6. Let c be y(11). What is the tens digit of (27/(-6))/c*760/(-12)?
9
Let f = 71 + -72. Let q be (0 + (-1)/f)*(0 + 0). Suppose -2*g = -2*v - q*g + 292, -161 = -v + 4*g. What is the hundreds digit of v?
1
Let z = 448 - 456. What is the tens digit of (-4532 + 4)/z + -4?
6
Suppose -5*n - 4*l - 454 = -4*n, 4*n + 1798 = 2*l. What is the tens digit of (-16629)/(-15) + 9/(n/(-20))?
0
Let a = -8583 - -15466. What is the thousands digit of a?
6
Let s be (-792)/(-120) - 6/10. Suppose -10*m + 56 = s. Suppose o + m*a = 9*a + 35, -4*o = 3*a - 140. What is the units digit of o?
5
Let d(u) be the second derivative of u**6/360 + u**5/40 + 5*u**3/3 - u. Let m(p) be the second derivative of d(p). What is the tens digit of m(-9)?
5
Suppose 0 = -3*a + 2*w + 109115, 39*a + 72741 = 41*a - w. What is the ten thousands digit of a?
3
Let x(f) = f**2 + 6*f + 6. Let y be x(-3). What is the hundreds digit of ((-436)/y)/(76/114)?
2
Let g = -1483 - -6367. What is the units digit of g?
4
Let x = -4800 - -15397. What is the units digit of x?
7
Let h(o) = 20*o - 3. Let n be h(-2). Let i = 46 + n. What is the units digit of (i - 5) + (3 - 0)?
1
Let x(z) = -z**2 + 15*z + 16. Let y be x(14). Suppose -18 + y = 4*v. Suppose 2*h + v*s + 465 = 6*h, 0 = 5*h - 5*s - 575. What is the units digit of h?
0
Let q be -112 - (-2)/(8/12). Let g(o) = -17*o + 18. Let j be g(-10). Let d = j + q. What is the units digit of d?
9
Let s(c) = -c**3 + 6*c**2 - 7*c + 5. Let b be s(4). Suppose -2*i + b*i + 1540 = 0. Let n = -65 - i. What is the hundreds digit of n?
1
Let l(g) = 4*g + 124. Let k be l(-32). What is the units digit of (-1 - 3/(-1)) + (k - -5)?
3
Suppose -2*t - 4*h + 1214 = 0, 3*t - 2*h = 2*t + 603. Let b = t + -316. What is the hundreds digit of b?
2
Suppose -29*n - 1444 = -33*n. Let z = n - -11. What is the hundreds digit of z?
3
Let h be (-4 - 22/(-6))*9. Let w be 513/5 - h/(-5). Let u = w + -52. What is the tens digit of u?
5
Suppose -45*u + 23*u + 31*u - 155484 = 0. What is the tens digit of u?
7
Let g = -4908 - -7258. What is the thousands digit of g?
2
Suppose 33*j + 31*j - 99456 = 0. What is the tens digit of j?
5
Let k be (-21 - -25)*((-42)/(-4))/3. Let u(o) = -o**3 - 2*o**2 - 141*o + k*o**2 - 1 + 126*o - 1. What is the units digit of u(8)?
4
Let h = 71 + -67. Suppose -5*g - 3 = -h*q - 9, 2*g + 5*q = 9. What is the units digit of 0 + g + -2 + 44?
4
Let k(q) = -3*q + 22. Let g be k(12). Let u(i) = i**2 + 17. Let h be u(g). Let z = h - 117. What is the tens digit of z?
9
Suppose 78*t - 3035043 = 1579905. What is the tens digit of t?
6
Let b = 4241 + -2204. What is the units digit of b?
7
What is the tens digit of (-42705)/(-247) + (-2)/(-19)?
7
Let n(y) = 726*y**2 + 120*y + 362. What is the thousands digit of n(-3)?
6
Let y = -3822 + 4134. What is the tens digit of y?
1
Suppose 2*o + 43 - 581 = 0. Suppose c + 5*k = o, -2*c - 5*k + 513 = -25. Suppose -c = -5*m - 104. What is the tens digit of m?
3
Let s(u) = u**2 - u - 9. Let n = 104 + -482. Let f be (-21)/15 + 1 + n/(-45). What is the units digit of s(f)?
7
Let n = -337 + 334. Let y(k) = 14*k**2 - 3*k + 1. Let v(a) = a**2 - a. Let w(m) = -6*v(m) + 2*y(m). What is the units digit of w(n)?
0
Let n be 88207/(-63) - (-6)/54. What is the hundreds digit of n/6*111/(-74)?
3
Let y(z) = z + 1. Let b be y(1). Let w be (-690)/69 + (9 - 1). What is the tens digit of (-27)/w - 1/b?
1
Suppose 4*s = 4*t - 24, -3*s + 0 = -5*t + 14. Let f(r) = -13*r + 106. What is the hundreds digit of f(s)?
2
Let c(o) = o**3 - 17*o - 2. Let j = 211 - 206. What is the units digit of c(j)?
8
Let h = -24419 + 38603. What is the ten thousands digit of h?
1
Let a = -211 - -210. What is the tens digit of (a/3 - 32/(-24))*337?
3
Let r = -28 - -48. Suppose g = -9*g - r. What is the tens digit of (g - (-246)/(-9))*(-45)/6?
2
Suppose 1033*y - 35354 = 1022*y. What is the units digit of y?
4
Suppose -7*z = -3*s - 516970, 23*s - 9 = 24*s. What is the ten thousands digit of z?
7
Let k be (-47)/(-7) + 48/168. Suppose 0 = k*n - 12*n + 15. Suppose 0*r - n*r = a - 377, -3*a = 5*r - 635. What is the units digit of r?
4
Let r(m) = -m**2 - 13*m - 38. Suppose -37 = 8*b + 19. Let g be r(b). Suppose g*q + 99 = 515. What is the units digit of q?
4
Let g = -66 - -118. Let u be (g/6)/(2/(-108)*-3). What is the tens digit of 2/(3*4/u)?
2
Suppose 0 = 3*i, -5*h - 7*i = -2*i. Suppose 34*z - 36*z + 640 = h. What is the units digit of z?
0
Suppose 8*c - 50920 = 140699 - 6411. What is the ten thousands digit of c?
2
Let k = 578 - 576. What is the hundreds digit of 7/(-7) + k + 556?
5
What is the ten thousands digit of 3/((-400316)/25020 + 16)?
1
Let x(y) = 2*y**2 - 11*y + 13. Let h be x(3). Let o be (-60)/(-14)*(5 - h). Let g = 43 - o. What is the tens digit of g?
1
Let o = 88 - 100. Let f = 42 + o. What is the tens digit of f?
3
What is the tens digit of 10 + 18 + -17 - -14386?
9
Let m be (-2)/(-11) - 1708/(-44). Let f = m + -34. What is the tens digit of (0/f + -1)*-19?
1
Suppose 5*m - 1260 = 2190. Let c = -437 + m. What is the hundreds digit of c?
2
Let j be 6/27 - 16/(-9). Let c be (j/(-5))/(2/(-10)). Suppose -c